124. Suppose -2 = 2*c - k. What is the tens digit of c?
6
Suppose -h + 2*h - 998 = -5*l, 0 = 4*l + 2*h - 802. What is the units digit of l?
9
Let m = -27 - -29. What is the tens digit of (3 - m) + 10 + 3?
1
Let t(f) = 10*f + 1181. What is the units digit of t(0)?
1
Let c(y) = -y**3 - 16*y**2 - 1. Let f = 1 - 17. Let t be c(f). What is the tens digit of t/(-2) - (-93)/2?
4
Let q(u) = 7*u + 13. What is the tens digit of q(6)?
5
Let o(w) = -2*w - 12. Let b be o(-6). Suppose b = x - 1 - 2. What is the units digit of (-15)/((-4)/(16/x))?
0
Let z be 1/(((-22)/12)/11). Let p = z + 10. Suppose -5*w = k - 34, 0 = -p*k + 4*w - 21 + 133. What is the units digit of k?
9
Let q(s) = -s**3 + 4*s**2 - 4. Let g = 15 - 12. Let b be q(g). Suppose b*l - 50 = 3*l. What is the tens digit of l?
2
Let b = 32 + -95. Let g = b - -44. What is the units digit of -2 - (-2 - (-3 - g))?
6
Suppose -4 = o - 8. Let t be (-2)/o - (-93)/6. Let b = t - 8. What is the units digit of b?
7
Let r = 3 - 2. Let f be 46/6 + -2 + (-8)/(-6). Suppose f*z + r = 8*z. What is the units digit of z?
1
Let b(h) = -2*h**3 - 15*h**2 + 23*h + 10. What is the tens digit of b(-11)?
0
Let v = -5 + -28. Let g = -371 + 359. Let f = g - v. What is the units digit of f?
1
Let t be (0 + 2)*(2 + 1). Let d = 22 - t. What is the units digit of d?
6
Suppose 130*v - 18 = 133*v. Let j be 0 - -1 - (-18)/(-2). Let u = v - j. What is the units digit of u?
2
Let r be 2 + (1 - (3 - 3)). Let y(u) = 2*u**2 - 3*u - 1. Let s be y(r). What is the units digit of (4/6)/(s/12)?
1
Let q be (-2)/12 + (-13)/(624/280). What is the tens digit of q/((-18)/255) + 0?
8
Let w be (3 - 1)*15/6. Let d be -2 + 0 + 3 - 1. Suppose d*l + l + w*q = 7, -q + 35 = 5*l. What is the units digit of l?
7
Suppose 0 = -v - 2*v + 15. Suppose -2*g = -6, -v*q - 3*g = -4*q - 51. What is the units digit of q?
2
Let l = 43 - -167. What is the hundreds digit of l?
2
Let j(n) = 2*n + 2. Let z be j(0). Suppose 0 = z*x - 4 - 2. Suppose -7*a + 96 = -x*a - 2*b, -64 = -2*a + 5*b. What is the units digit of a?
2
Suppose -3*j + 805 = -5*a, -4*j + 6*a - 2*a + 1084 = 0. What is the tens digit of (-3)/(-3)*j/5?
5
Suppose 2*b - 2*c = -b + 191, -4*b - 4*c = -248. Let z = -31 + 14. Let f = z + b. What is the units digit of f?
6
What is the units digit of 1/(-3) - (-4)/(-18)*-15?
3
Let u(t) = t + 11. Let d(i) = 2. Let g(v) = -11*d(v) + 2*u(v). Let m be g(-8). Let x = m - -20. What is the units digit of x?
4
Suppose 19 = 3*r - 23. Suppose -r*d - 1708 = -4872. What is the hundreds digit of d?
2
Let i(k) be the first derivative of 2*k + 2 + 1/2*k**2. What is the units digit of i(2)?
4
Suppose -d = -0*d - 384. Suppose -18*y = -20*y + d. What is the tens digit of y?
9
Suppose 3*b = -2*b + 280. Let w = -48 + b. What is the units digit of w?
8
Let x(t) = t**3 - 4*t**2 + 5*t - 2. Let w be x(3). Suppose -w + 0 = -s. Let q(a) = -a + 6. What is the units digit of q(s)?
2
Let m(y) = y**2 - 17*y - 9. Let p be m(-13). Suppose -4*v = -p + 5. What is the tens digit of v?
9
Suppose 0 = 28*i - i - 14580. What is the units digit of i?
0
Suppose -1219 = -8*u + 8605. What is the thousands digit of u?
1
Let q(p) = -p**3 - 19*p**2 + 24*p - 45. Let y be q(-21). Suppose -5*m + y = -2*m. What is the units digit of m?
1
Suppose 0 = 10*l - 6*l. Suppose 2*p + 20 + 48 = l. What is the tens digit of 3/((-12)/2)*p?
1
Suppose 3*u - 1894 = 5*l - l, 4*u + 4*l - 2516 = 0. What is the units digit of u?
0
Let y = 63 + -48. Suppose y = -5*j + 5, 0 = -b - 3*j + 90. What is the units digit of b?
6
Suppose -5*x + 2176 = 3*k - 149, 5*x + k = 2315. What is the tens digit of x?
6
Let k(v) = -v**3 - 24*v**2 - 48*v + 12. Let s = 128 - 150. What is the units digit of k(s)?
0
Suppose 838 + 2978 = 72*w. Let r(p) = 5*p. Let k be r(1). Suppose -v = -3*v + o + w, -v + 21 = k*o. What is the tens digit of v?
2
Let y(n) = n**3 + 45*n**2 - 20*n - 484. What is the tens digit of y(-44)?
3
Let b(j) be the third derivative of -j**6/120 - j**5/30 + j**4/8 - 2*j**3/3 - 4*j**2. Let x be b(-4). Suppose 0 = u - 6 - x. What is the units digit of u?
2
Suppose -5*w + 455 = -725. Suppose 47*c = 48*c - w. What is the units digit of c?
6
Let g(u) = 11 - 7 + 21 - 3 + 2*u. What is the units digit of g(-7)?
8
Let a(d) = -14 - 16*d + 28*d - 16*d. What is the units digit of a(-8)?
8
Suppose -8*q + 1760 = -3*q. What is the tens digit of q?
5
Suppose -5*w + 3*s + 3240 = 0, -w + 3*s + 645 + 15 = 0. What is the tens digit of w?
4
Let z be (-2)/16*991 + (-6)/48. Let q = 6 - z. What is the units digit of q?
0
Let g(t) = -t - 2. Let i be g(-8). Suppose -24 = k + i. Let d = 72 + k. What is the units digit of d?
2
Suppose -3*p + 1200 + 9431 = 8*y, 8 = 2*y. What is the hundreds digit of p?
5
Let p = -32 - -51. Let t = p - 21. What is the tens digit of (-20)/(-6)*(t + 8)?
2
Let y be 1/3 - 56/6. Let z(p) = -2*p**3 - 16*p**2 + 10*p + 8. What is the units digit of z(y)?
0
Let n = 505 + -499. Let a(x) be the third derivative of 5*x**4/12 - 2*x**3/3 - x**2. What is the units digit of a(n)?
6
Suppose -53*b + 584 = -52*b. What is the units digit of b?
4
Suppose -26 - 16 = -5*t + 4*x, -15 = -3*t - x. What is the hundreds digit of t/((-24)/(-306)*18/32)?
1
What is the tens digit of (-2371)/(-8) - (-195)/(-520)?
9
Suppose 4*f + 16 = -x, -4*x + 4*f + 40 = x. Let u = -136 - -141. Suppose -j + 21 = u*s, -6*j + j - x*s + 63 = 0. What is the tens digit of j?
1
Let t(n) = -n**2 + 8*n + 2. Let z be t(9). What is the tens digit of -6 - z - 60/(-2)?
3
Suppose -4*y + 16 = -2*h, 4*y + 11 = -5*h + 41. Suppose y*p - 31 = 34. What is the tens digit of p?
1
Let q be ((-6)/(-18))/(1/12). Suppose 0 = 4*d - 2*o - 20, -q*d - o - 4*o + 34 = 0. Suppose d*n - 10 = n. What is the units digit of n?
2
Let o be 2 - (1 - (1 - 1)). Let h = -5 - o. What is the units digit of -12*(22/h + 3)?
8
Let r = -21 + 26. Suppose s + g = -2*g - r, -3*g - 35 = -2*s. What is the tens digit of s?
1
What is the hundreds digit of (-15)/18 + (-8511)/(-18)?
4
Suppose 0 = 5*f + r - 24376, -7*r = -f - r + 4900. What is the thousands digit of f?
4
What is the thousands digit of ((-1970)/6)/((-30)/(-36) - 1)?
1
Suppose -22*g = -27*g - 4*u + 3459, -689 = -g + 2*u. What is the tens digit of g?
9
Let l be (-34)/(-153) + 5/((-90)/(-68)). What is the tens digit of 149 - (-2 - l - -3)?
5
Suppose 5*g + 218 = 2*b, -146 - 318 = -4*b - 4*g. Suppose -4*o + 5*n + 399 = 0, -2*o + 4*n + b = -84. What is the hundreds digit of o?
1
Let m = -2795 + 4159. What is the units digit of m?
4
Let f(l) = -2*l**2 + 5*l - 5. Let v be f(7). What is the units digit of (-2)/(-8) + (-1479)/v?
2
Let p be -7 + (-3)/(-1) + -315. What is the tens digit of (p/5 - -1)/((-6)/15)?
5
Suppose 3*l - v + 5 = l, 3*v = -l + 15. Suppose -5*p + 29 + 6 = l. What is the units digit of p?
7
Suppose -2*r + 5*i - 186 = r, 5*r + 320 = 5*i. Let t = 108 + r. What is the tens digit of t?
4
Let q be 4/(-10) - (-22)/5. Let k = 294 - 263. Suppose -k = -5*h + q. What is the units digit of h?
7
Suppose 3*r + 0*r - 47 = 4*f, -2 = -3*r - 5*f. Suppose r*j - 8 = 1. What is the units digit of j?
1
Suppose 5*u = -2*u - 392. Let v = 113 + u. What is the units digit of v?
7
Suppose -r + 4*m = -2*r + 18, 0 = 3*r - 5*m - 139. What is the units digit of r?
8
Suppose -j + 4*h + 64 - 7 = 0, h - 390 = -5*j. What is the units digit of j?
7
Let u(s) = 10*s + 30. Let k(a) = 22*a + 59. Let z(m) = 3*k(m) - 7*u(m). What is the tens digit of z(-15)?
2
Let v = 22 - 19. Let c(j) = -5*j**2 + 5*j - 7. Let p be c(v). Let g = 50 + p. What is the units digit of g?
3
Let p = 82 - -88. What is the hundreds digit of p?
1
Suppose -2*f = -0*f - 4. Suppose -3*x - 28 = 2. What is the units digit of f/(x/(-295))*1?
9
Let u(o) = 49*o**2 - 6*o - 63. What is the hundreds digit of u(-8)?
1
Suppose y + 4243 = 3*f - 1355, 2*f - 3*y - 3739 = 0. What is the hundreds digit of f?
8
Let m be 6/5*(-3105)/(-18). Let f = m + -125. What is the units digit of f?
2
Let t(n) = -3*n**2 + n - 2. Let x be t(4). Let a = x + 48. What is the units digit of a?
2
Let i(y) = -69*y**3 + 3*y**2 + 7*y + 2. What is the thousands digit of i(-4)?
4
Let k = 106 - 2. Let m(a) = a**3 - 2*a**2 + 2*a + 1. Let l be m(2). Suppose -1 = -l*b + k. What is the tens digit of b?
2
Let n be 18 - 19 - (-1 + 9). Let p = n - -12. Suppose p*k = 221 - 83. What